 o**3 - 10*o**2 + 7*o + 11. Calculate j(9).
-7
Let d(b) = 70*b**3 - b**2 + b. What is d(1)?
70
Let t(o) = -8*o - 127. Determine t(-14).
-15
Let u(q) = q**3 + 12*q**2 + 19*q - 34. Determine u(-10).
-24
Let r(a) = a**2 - 5*a - 21. Calculate r(8).
3
Let y(k) = -k**2 + 13*k - 13. What is y(9)?
23
Let p(b) = b**2 - 7*b - 10. Give p(7).
-10
Let g(n) = 2*n. Determine g(0).
0
Let v(i) = 9*i - 14. Give v(4).
22
Let i(f) = -f**3 + 41*f**2 - 2*f + 75. Give i(41).
-7
Let a(d) = 8*d + 101. What is a(-14)?
-11
Let a(d) = -d**2 + 33*d + 32. What is a(-1)?
-2
Let w(x) = 9*x. Determine w(3).
27
Let v(p) = 20*p**2 - 239*p - 8. Give v(12).
4
Let r(j) = j**2 + 6*j - 22. Give r(-9).
5
Let h(m) = 3*m + 8. What is h(-4)?
-4
Let c(b) = b**3 + 2*b**2 - 2*b - 6. Calculate c(-3).
-9
Let p(t) = -t**2 + 4*t + 11. What is p(4)?
11
Let k(d) = -3*d - 1. Give k(-1).
2
Let r(p) = 5*p + 33. Calculate r(-5).
8
Let j(f) = f**2 + 8*f + 1. What is j(-4)?
-15
Let j(m) = -3*m**2 + 31*m - 17. What is j(12)?
-77
Let r(u) = u. What is r(-5)?
-5
Let d(w) = -4*w. Determine d(4).
-16
Let i(s) = s**2 - 10*s + 18. Calculate i(3).
-3
Let j(t) = t**3 - 3*t**2 - 29*t + 84. Give j(5).
-11
Let j(h) = -17*h - 10. Calculate j(-4).
58
Let a(h) = h**2 + 10*h - 7. Determine a(-13).
32
Let k(a) = 7*a - 15. Calculate k(1).
-8
Let a(t) = -3*t + 19. Determine a(8).
-5
Let d(p) = p**3 + 7*p**2 + 11*p + 72. Calculate d(-7).
-5
Let w(q) = -q**3 - 20*q**2 - 15*q + 44. Calculate w(-19).
-32
Let u(b) = -b**2 - 11*b - 53. Give u(-6).
-23
Let d(l) = -l**3 + 15*l**2 - 4*l + 57. Calculate d(15).
-3
Let a(q) = q**2 - 15*q + 51. What is a(11)?
7
Let w(o) = 3*o**2 + 7*o - 19. Calculate w(-4).
1
Let u(g) = g**3 + 3*g**2 + 9. Calculate u(-4).
-7
Let v(f) = -f**3 - 10*f**2 - 7*f - 2. What is v(-8)?
-74
Let n(s) = s**3 - s**2 - s - 25. Calculate n(0).
-25
Let r(g) = g - 73. Give r(-23).
-96
Let p(x) = 2*x**3 - 6*x**2 + 24*x - 68. Give p(3).
4
Let j(a) = 40*a - 277. Give j(7).
3
Let o(i) = i**2 + 16*i + 29. Calculate o(-16).
29
Let t(g) = 2*g**2 + 2*g - 64. Determine t(6).
20
Let s(p) = p**2 - 4*p - 4. Calculate s(4).
-4
Let i(o) = o**2 + 18*o - 18. What is i(-9)?
-99
Let j(w) = 2*w + 4. Calculate j(-6).
-8
Let i(b) = -b**2 - 2*b + 7. Give i(-7).
-28
Let k(r) = r**3 - 6*r**2 - r. What is k(6)?
-6
Let s(q) = -q**3 - 4*q**2 + 2*q + 2. Calculate s(-5).
17
Let d(t) = t**3 - 18*t**2 - t + 17. Calculate d(18).
-1
Let l(s) = s**2 - s - 2. Calculate l(-1).
0
Let c(f) = 2*f**3 - 15*f**2 - 24*f - 27. Give c(9).
0
Let y(o) = -2*o**2 - 30*o - 99. Determine y(-4).
-11
Let v(n) = -3*n**2 + 2*n. What is v(-2)?
-16
Let z(d) = 32*d + 9. What is z(-3)?
-87
Let y(u) = -3*u**2 + 133*u + 97. Give y(45).
7
Let c(m) = -6*m - 33. What is c(-6)?
3
Let p(u) = 24*u - 461. What is p(19)?
-5
Let p(n) = n**3 - 10*n**2 + 18*n - 5. Determine p(5).
-40
Let a(y) = -y**3 + 5*y**2 + 5*y + 14. Determine a(6).
8
Let i(j) = -j**3 - 4*j**2 + j + 6. Determine i(-3).
-6
Let i(t) = 2*t**2 - 5*t - 3. Calculate i(5).
22
Let z(v) = -6*v - 28. Calculate z(-5).
2
Let p(w) = -31*w - 33. Calculate p(-1).
-2
Let g(k) = k**2 + k. What is g(-6)?
30
Let z(i) = 30*i - 539. Determine z(18).
1
Let x(a) = -a + 23. What is x(14)?
9
Let q(d) = -d**2 + 20*d - 74. Calculate q(15).
1
Let d(f) = -9*f**2 + f + 6. Give d(3).
-72
Let d(t) = t**3 - 15*t**2 + 28*t - 8. Give d(13).
18
Let f(x) = 12*x**3 - x**2 + x. Determine f(1).
12
Let b(h) = h**3 - 3*h**2 - 41*h + 12. What is b(8)?
4
Let t(n) = n**3 - 2*n**2 - 6*n + 5. Determine t(4).
13
Let b(q) = 3*q**2 - 7. Calculate b(-3).
20
Let h(z) = -5*z + 5. Determine h(-13).
70
Let q(g) = g**3 - 15*g**2 - g + 5. Give q(15).
-10
Let y(t) = 4*t**3 + 2*t**2 - t - 1. Calculate y(1).
4
Let g(c) = -18*c + 28. What is g(1)?
10
Let t(x) = 2*x**3 + 26*x**2 - 31*x - 23. Calculate t(-14).
19
Let u(d) = d**3 + 11*d**2 + 18*d - 1. What is u(-9)?
-1
Let f(t) = t**2 + 11*t + 8. What is f(-7)?
-20
Let r(y) = 5*y**3 - 3*y**2 - 5*y + 16. Give r(3).
109
Let f(k) = k**2 + k + 1. Calculate f(-3).
7
Let g(x) = -4*x - 109. Calculate g(-29).
7
Let s(z) = 5*z - 4. What is s(3)?
11
Let i(w) = -w**3 - 10*w**2 + 11*w + 18. Calculate i(-11).
18
Let o(s) = -2*s**2 - 9*s - 11. What is o(5)?
-106
Let s(q) = 4*q - 10. Give s(2).
-2
Let l(m) = m**3 - 18*m**2 + 17*m - 6. Give l(17).
-6
Let n(m) = -m**2 - 12*m - 17. What is n(-3)?
10
Let s(o) = o**3 - 2*o**2 - 4*o. Calculate s(5).
55
Let u(v) = -v**2 + 33*v - 151. Determine u(6).
11
Let p(k) = k - 3. What is p(-2)?
-5
Let d(q) = 28*q**2 + 364*q + 1. Determine d(-13).
1
Let x(d) = d**3 + 5*d**2 - 32*d - 12. Give x(4).
4
Let t(o) = -o**2 + 14*o + 9. What is t(12)?
33
Let g(s) = -3*s - 32. Give g(-5).
-17
Let m(j) = j**3 - 7*j**2 - j - 3. Determine m(6).
-45
Let l(j) = 5*j + 8. Determine l(-5).
-17
Let f(y) = y**2 - 38*y + 163. Determine f(33).
-2
Let r(a) = -120*a**3 + 4*a**2 - 4*a + 1. Give r(1).
-119
Let a(c) = -c**3 - 2*c**2 + 7*c - 8. Calculate a(4).
-76
Let t(q) = -34*q**3 - q**2 + 1. Calculate t(1).
-34
Let i(n) = 7*n - 26. Calculate i(5).
9
Let a(w) = -w + 9. Calculate a(11).
-2
Let u(p) = 2*p - 3. Give u(-4).
-11
Let q(w) = w**3 - 12*w**2 + 11*w - 15. Give q(10).
-105
Let w(b) = -15*b**3 - 3*b**2 + b + 2. Determine w(-1).
13
Let q(a) = -a**3 - 4*a**2 + a + 5. Determine q(-4).
1
Let w(o) = -o**3 + 27*o**2 + 24*o + 108. What is w(28)?
-4
Let j(w) = -w**3 + 23*w**2 + 26*w - 72. Determine j(24).
-24
Let c(p) = 3*p**2 - 2*p + 3. Determine c(-2).
19
Let o(p) = 8*p - 118. Give o(14).
-6
Let d(j) = j**2 + 11*j - 11. Give d(-8).
-35
Let s(i) = i**3 - 9*i**2 - 9. Give s(9).
-9
Let t(n) = 2*n**2 + 13*n - 18. Determine t(-9).
27
Let l(i) = -i**3 + 6*i**2 + 13*i + 42. What is l(8)?
18
Let z(b) = 16*b + 2. Calculate z(-1).
-14
Let b(i) = -6*i + 2. Give b(5).
-28
Let x(l) = l**2 - l - 2. Determine x(-3).
10
Let k(j) = -86*j + 525. Determine k(6).
9
Let y(f) = -f**3 - 15*f**2 - 14*f + 7. What is y(-14)?
7
Let z(f) = -f**3 + 3*f**2 + 5*f - 2. Calculate z(4).
2
Let m(y) = 4*y + 3. Give m(0).
3
Let l(i) = 11*i - 194. Calculate l(14).
-40
Let u(w) = 2*w**2 - w. Calculate u(0).
0
Let v(c) = -22*c**2 - c - 2. Determine v(0).
-2
Let x(g) = 2*g**2 - 5*g - 7. Give x(4).
5
Let k(v) = -5*v - 40. What is k(-15)?
35
Let q(i) = -2*i**2 - i + 3. What is q(4)?
-33
Let q(t) = 20*t**2 + 3. Give q(-2).
83
Let c(r) = -3*r**2 - 10*r - 9. Calculate c(-3).
-6
Let v(a) = -6*a + 2. Determine v(6).
-34
Let q(y) = -5*y - 45. What is q(-10)?
5
Let q(k) = -29*k + 325. Calculate q(11).
6
Let t(s) = -4*s + 10. Give t(4).
-6
Let p(a) = 11*a + 141. Determine p(-13).
-2
Let i(t) = -t**3 - 4*t**2 + 6*t - 4. Determine i(1).
-3
Let u(d) = d**3 - 7*d + 8. Give u(2).
2
Let o(v) = -v**3 + v**2 + 6*v + 3. Determine o(3).
3
Let m(p) = p**3 - 11*p**2 + 10*p - 5. What is m(10)?
-5
Let k(d) = d**2 - 16*d + 19. Calculate k(14).
-9
Let q(g) = -15*g + 2. Calculate q(1).
-13
Let t(b) = -31*b - 222. Determine t(-7).
-5
Let o(x) = -2*x + 2. Determine o(-2).
6
Let d(c) = -90*c - 2. Calculate d(1).
-92
Let i(c) = -c**3 + 3*c**2 - 2*c. Give i(2).
0
Let y(g) = g**2 - g + 2. Give y(-2).
8
Let k(y) = y**2 - 3*y + 4. What is k(2)?
2
Let c(r) = -r**3 - 4*r**2 + 2*r. What is c(-5)?
15
Let v(d) = -d + 2. Calculate v(0).
2
Let w(i) = i - 4. What is w(7)?
3
Let z(o) = -o**3 + 8*o**2 - 2*o + 26. Calculate z(8).
10
Let h(d) = 3*d**2 - 18*d - 28. What is h(9)?
53
Let l(i) = -i**3 - 3*i**2 - 2*i - 12. Calculate l(-3).
-6
Let f(b) = b**2 - 12*b + 3. Calculate f(12).
3
Let s(f) = f**3 - f**2 - f + 6. Calculate s(0).
6
Let n(k) = 2*k**2 - 15*k + 17. Determine n(6).
-1
Let n(p) = p**3 + 19*p**2 - 2*p - 26. Calculate n(-19).
12
Let k(x) = 4*x**2 - 5*x + 4. Calculate k(4).
48
Let s(o) = o**3 + 10*o**2 + 8*o + 3. What is s(-9)?
12
Let d(z) = z**2 - 9*z - 54. What is d(13)?
-2
Let o(p) = p**3 - 9*p**2 - p + 14. Calculate o(10).
104
Let y(l) = -2*l**3 - 13*l**2 + 14*l. Determine y(-7).
-49
Let g(t) = -2*t - 11. Give g(-4).
-3
Let p(q) = q**3 - q**2 - 3*q + 3. Give p(3).
12
Let c(k) = -2*k**2 + 16*k - 12. Give c(1).
2
Let s(c) = -c**3 + 10*c**2 - 11*c + 17. Determine s(9).
-1
Let m(z) = 2*z**3 - 9*z**2 + 9*z - 20. Determine m(4).
0
Let b(i) = -6*i**2 - 25*i + 8. Give b(-5).
-17
Let q(o) = -19*o + 9. What is q(4)?
-67
Let w(c) = c**2 - 5*c - 1. Determine w(-5).
49
Let g(y) = 6*y. Give g(0).
0
Let c(k) = 2*k**2 -